 the hundreds digit of 100?
1
What is the hundreds digit of 1338?
3
What is the tens digit of 197?
9
What is the tens digit of 369?
6
What is the hundreds digit of 113804?
8
What is the tens digit of 4199?
9
What is the tens digit of 590?
9
What is the tens digit of 2396?
9
What is the hundreds digit of 210?
2
What is the ten thousands digit of 15735?
1
What is the hundred thousands digit of 136151?
1
What is the thousands digit of 3241?
3
What is the units digit of 251?
1
What is the tens digit of 100249?
4
What is the units digit of 217?
7
What is the tens digit of 29945?
4
What is the tens digit of 7952?
5
What is the hundreds digit of 4385?
3
What is the thousands digit of 2172?
2
What is the tens digit of 29?
2
What is the ten thousands digit of 26581?
2
What is the tens digit of 191?
9
What is the tens digit of 758?
5
What is the hundreds digit of 6445?
4
What is the ten thousands digit of 16404?
1
What is the hundreds digit of 1855?
8
What is the thousands digit of 39732?
9
What is the units digit of 1401?
1
What is the tens digit of 1295?
9
What is the hundreds digit of 11792?
7
What is the units digit of 2099?
9
What is the tens digit of 26978?
7
What is the tens digit of 1943?
4
What is the hundred thousands digit of 171510?
1
What is the units digit of 30045?
5
What is the units digit of 19919?
9
What is the units digit of 1066?
6
What is the hundreds digit of 18457?
4
What is the units digit of 987?
7
What is the hundreds digit of 59226?
2
What is the hundred thousands digit of 103618?
1
What is the hundreds digit of 5967?
9
What is the units digit of 30582?
2
What is the hundreds digit of 1393?
3
What is the tens digit of 6110?
1
What is the hundreds digit of 7099?
0
What is the thousands digit of 2501?
2
What is the thousands digit of 97206?
7
What is the hundreds digit of 7476?
4
What is the units digit of 1603?
3
What is the thousands digit of 5921?
5
What is the tens digit of 724?
2
What is the thousands digit of 1166?
1
What is the tens digit of 39598?
9
What is the ten thousands digit of 23386?
2
What is the tens digit of 1210?
1
What is the hundreds digit of 371?
3
What is the tens digit of 17719?
1
What is the tens digit of 909?
0
What is the units digit of 12511?
1
What is the hundreds digit of 2687?
6
What is the hundreds digit of 154?
1
What is the tens digit of 777?
7
What is the tens digit of 46214?
1
What is the tens digit of 2296?
9
What is the hundreds digit of 3140?
1
What is the units digit of 2718?
8
What is the thousands digit of 3341?
3
What is the units digit of 15368?
8
What is the thousands digit of 3787?
3
What is the hundreds digit of 886?
8
What is the units digit of 3159?
9
What is the thousands digit of 2402?
2
What is the hundreds digit of 12084?
0
What is the hundreds digit of 11166?
1
What is the thousands digit of 5373?
5
What is the hundreds digit of 91631?
6
What is the thousands digit of 6861?
6
What is the tens digit of 3722?
2
What is the thousands digit of 130643?
0
What is the tens digit of 935?
3
What is the units digit of 6044?
4
What is the tens digit of 1941?
4
What is the tens digit of 1685?
8
What is the units digit of 283?
3
What is the hundreds digit of 201?
2
What is the hundreds digit of 24264?
2
What is the hundred thousands digit of 211873?
2
What is the tens digit of 33893?
9
What is the units digit of 1685?
5
What is the thousands digit of 2819?
2
What is the units digit of 10632?
2
What is the units digit of 902?
2
What is the thousands digit of 22198?
2
What is the tens digit of 11200?
0
What is the units digit of 181?
1
What is the tens digit of 73?
7
What is the tens digit of 271?
7
What is the tens digit of 12320?
2
What is the units digit of 41?
1
What is the hundreds digit of 74058?
0
What is the hundreds digit of 261?
2
What is the thousands digit of 65316?
5
What is the thousands digit of 34545?
4
What is the units digit of 294?
4
What is the tens digit of 44489?
8
What is the tens digit of 41924?
2
What is the tens digit of 127?
2
What is the units digit of 1944?
4
What is the ten thousands digit of 43473?
4
What is the hundreds digit of 525?
5
What is the hundreds digit of 2316?
3
What is the tens digit of 124?
2
What is the units digit of 3387?
7
What is the tens digit of 831?
3
What is the units digit of 23943?
3
What is the units digit of 9572?
2
What is the hundreds digit of 5075?
0
What is the tens digit of 9883?
8
What is the units digit of 1642?
2
What is the hundreds digit of 14258?
2
What is the ten thousands digit of 96045?
9
What is the units digit of 764?
4
What is the units digit of 115719?
9
What is the tens digit of 1316?
1
What is the hundreds digit of 3744?
7
What is the units digit of 1971?
1
What is the hundreds digit of 2306?
3
What is the units digit of 1924?
4
What is the units digit of 4575?
5
What is the thousands digit of 3827?
3
What is the units digit of 7368?
8
What is the hundreds digit of 604?
6
What is the units digit of 5503?
3
What is the ten thousands digit of 53505?
5
What is the tens digit of 518?
1
What is the thousands digit of 1132?
1
What is the hundreds digit of 540?
5
What is the units digit of 15074?
4
What is the hundreds digit of 26280?
2
What is the units digit of 13735?
5
What is the tens digit of 4930?
3
What is the thousands digit of 1427?
1
What is the units digit of 163?
3
What is the tens digit of 546?
4
What is the tens digit of 819?
1
What is the units digit of 24641?
1
What is the hundreds digit of 14889?
8
What is the units digit of 983?
3
What is the units digit of 638?
8
What is the hundreds digit of 4913?
9
What is the units digit of 5839?
9
What is the thousands digit of 17662?
7
What is the tens digit of 22487?
8
What is the thousands digit of 48934?
8
What is the units digit of 4?
4
What is the thousands digit of 83409?
3
What is the units digit of 11498?
8
What is the tens digit of 1441?
4
What is the tens digit of 7558?
5
What is the units digit of 3148?
8
What is the ten thousands digit of 58012?
5
What is the hundreds digit of 564?
5
What is the tens digit of 833?
3
What is the tens digit of 873?
7
What is the units digit of 4218?
8
What is the ten thousands digit of 71455?
7
What is the tens digit of 9959?
5
What is the tens digit of 777?
7
What is the tens digit of 21110?
1
What is the units digit of 104700?
0
What is the tens digit of 596?
9
What is the ten thousands digit of 39863?
3
What is the tens digit of 2237?
3
What is the units digit of 12076?
6
What is the hundreds digit of 5858?
8
What is the ten thousands digit of 23787?
2
What is the ten thousands digit of 15448?
1
What is the tens digit of 128687?
8
What is the units digit of 1147?
7
What is the tens digit of 6250?
5
What is the thousands digit of 9161?
9
What is the ten thousands digit of 28111?
2
What is the thousands digit of 1111?
1
What is the ten thousands digit of 21375?
2
What is the units digit of 6356?
6
What is the thousands digit of 1070?
1
What is the hundreds digit of 1829?
8
What is the units digit of 30?
0
What is the tens digit of 762?
6
What is the ten thousands digit of 132519?
3
What is the hundreds digit of 439?
4
What is the thousands digit of 3553?
3
What is the hundreds digit of 1382?
3
What is the hundreds digit of 505?
5
What is the hundreds digit of 594?
5
What is the hundred thousands digit of 196169?
1
What is the units digit of 130190?
0
What is the hundreds digit of 7898?
8
What is the tens digit of 35674?
7
What is the units digit of 43751?
1
What is the units digit of 613?
3
What is the hundreds digit of 56687?
6
What is the thousands digit of 4130?
4
What is the thousands digit of 9086?
9
What is the hundreds digit of 18155?
1
What is the thousands digit of 48037?
8
What is the ten thousands digit of 26421?
2
What is the tens digit of 1291?
9
What is the ten thousands digit of 13006?
1
What is the hundreds digit of 437?
4
What is the hundreds digit of 2112?
1
What is the tens digit of 17?
1
What is the units digit of 17592?
2
What is the thousands digit of 3173?
3
What is the hundreds digit of 2280?
2
What is the thousands digit of 27301?
7
What is the ten thousands digit of 22081?
2
What is the units digit of 8272?
2
What is the units digit of 1680?
0
What is the thousands digit of 1799?
1
What is